{"id":421,"date":"2024-09-02T19:32:48","date_gmt":"2024-09-02T18:32:48","guid":{"rendered":"https:\/\/base.thebluegrow.com\/?page_id=421"},"modified":"2025-12-18T11:55:56","modified_gmt":"2025-12-18T11:55:56","slug":"privacy","status":"publish","type":"page","link":"https:\/\/optimrepair.net\/it\/privacy\/","title":{"rendered":"POLITICA SULLA PRIVACY DEL SITO WEB"},"content":{"rendered":"<div data-elementor-type=\"wp-page\" data-elementor-id=\"421\" class=\"elementor elementor-421\" data-elementor-post-type=\"page\">\n\t\t\t\t<div class=\"elementor-element elementor-element-73db1240 e-flex e-con-boxed e-con e-parent\" data-id=\"73db1240\" data-element_type=\"container\" data-e-type=\"container\">\n\t\t\t\t\t<div class=\"e-con-inner\">\n\t\t\t\t<div class=\"elementor-element elementor-element-4b049b65 elementor-widget elementor-widget-text-editor\" data-id=\"4b049b65\" data-element_type=\"widget\" data-e-type=\"widget\" data-widget_type=\"text-editor.default\">\n\t\t\t\t<div class=\"elementor-widget-container\">\n\t\t\t\t\t\t\t\t\t\n<p><strong>https:\/\/optimrepair.net\/<\/strong><\/p>\n\n<p><strong>I. POLITICA SULLA PRIVACY E PROTEZIONE DEI DATI<br \/><\/strong>Nel rispetto della legislazione vigente, Optim Repair (di seguito anche il \"Sito Web\") si impegna ad adottare le misure tecniche e organizzative necessarie, in base al livello di sicurezza adeguato al rischio dei dati raccolti.<\/p>\n\n<p><strong>Leggi a cui si conforma questa politica sulla privacy<\/strong><br \/>Questa politica sulla privacy \u00e8 adattata alla normativa spagnola ed europea vigente in materia di protezione dei dati personali su internet. In particolare, rispetta le seguenti normative:<\/p>\n\n<ul class=\"wp-block-list\">\n<li>Il Regolamento (UE) 2016\/679 del Parlamento Europeo e del Consiglio, del 27 aprile 2016, relativo alla protezione delle persone fisiche per quanto riguarda il trattamento dei dati personali e alla libera circolazione di tali dati (GDPR).<\/li>\n\n<li>La Legge Organica 3\/2018, del 5 dicembre, sulla Protezione dei Dati Personali e garanzia dei diritti digitali (LOPD-GDD).<\/li>\n\n<li>Il Decreto Reale 1720\/2007, del 21 dicembre, che approva il regolamento di sviluppo della Legge Organica 15\/1999, del 13 dicembre, sulla Protezione dei Dati Personali (RDLOPD).<\/li>\n\n<li>La Legge 34\/2002, dell'11 luglio, sui Servizi della Societ\u00e0 dell'Informazione e del Commercio Elettronico (LSSI-CE).<\/li>\n<\/ul>\n\n<p><strong>Identit\u00e0 del titolare del trattamento dei dati personali<\/strong><br \/>Il titolare del trattamento dei dati personali raccolti in Optim Repair \u00e8: Alexandre del Pozo Bayona, con NIF: 43540988X (di seguito, \"Titolare del trattamento\"). I suoi dati di contatto sono i seguenti:<\/p>\n\n<ul class=\"wp-block-list\">\n<li>Indirizzo: C\/ Dubl\u00edn, 16<\/li>\n\n<li>Numero di telefono: +34660484988<\/li>\n\n<li>Email di contatto: <a>danletinformatics@gmail.com<\/a><\/li>\n<\/ul>\n\n<p><strong>Registrazione dei Dati Personali<\/strong><br \/>In conformit\u00e0 con il GDPR e la LOPD-GDD, informiamo che i dati personali raccolti da Optim Repair tramite i moduli presenti sulle sue pagine saranno inclusi e trattati nel nostro archivio con lo scopo di facilitare, velocizzare e adempiere agli impegni stabiliti tra Optim Repair e l'Utente, o per il mantenimento della relazione che si stabilisce nei moduli che l'Utente compila, o per rispondere a una richiesta o domanda dello stesso. Inoltre, in conformit\u00e0 con quanto previsto dal GDPR e dalla LOPD-GDD, salvo che si applichi l'eccezione prevista dall'articolo 30.5 del GDPR, si mantiene un registro delle attivit\u00e0 di trattamento che specifica, in base agli scopi, le attivit\u00e0 di trattamento effettuate e le altre circostanze stabilite nel GDPR.<\/p>\n\n<p><strong>Principi applicabili al trattamento dei dati personali<\/strong><br \/>Il trattamento dei dati personali dell'Utente sar\u00e0 soggetto ai seguenti principi stabiliti nell'articolo 5 del GDPR e nell'articolo 4 e seguenti della Legge Organica 3\/2018, del 5 dicembre, sulla Protezione dei Dati Personali e garanzia dei diritti digitali:<\/p>\n\n<ul class=\"wp-block-list\">\n<li>Principio di liceit\u00e0, correttezza e trasparenza: sar\u00e0 sempre richiesto il consenso dell'Utente previa informazione completamente trasparente sugli scopi per cui vengono raccolti i dati personali.<\/li>\n\n<li>Principio di limitazione della finalit\u00e0: i dati personali saranno raccolti per scopi determinati, espliciti e legittimi.<\/li>\n\n<li>Principio di minimizzazione dei dati: i dati personali raccolti saranno esclusivamente quelli strettamente necessari per gli scopi per cui vengono trattati.<\/li>\n\n<li>Principio di esattezza: i dati personali devono essere esatti e sempre aggiornati.<\/li>\n\n<li>Principio di limitazione del periodo di conservazione: i dati personali saranno mantenuti solo per il tempo necessario agli scopi del trattamento.<\/li>\n\n<li>Principio di integrit\u00e0 e riservatezza: i dati personali saranno trattati in modo da garantire la loro sicurezza e riservatezza.<\/li>\n\n<li>Principio di responsabilit\u00e0 proattiva: il Titolare del trattamento sar\u00e0 responsabile di garantire che i principi precedenti siano rispettati.<\/li>\n<\/ul>\n\n<p><strong>Categorie di dati personali<\/strong><br \/>Le categorie di dati trattati da Optim Repair sono esclusivamente dati identificativi. In nessun caso vengono trattate categorie speciali di dati personali ai sensi dell'articolo 9 del GDPR.<\/p>\n\n<p><strong>Base giuridica per il trattamento dei dati personali<\/strong><br \/>La base giuridica per il trattamento dei dati personali \u00e8 il consenso. Optim Repair si impegna a raccogliere il consenso esplicito e verificabile dell'Utente per il trattamento dei suoi dati personali per uno o pi\u00f9 scopi specifici.\nL'Utente ha il diritto di ritirare il proprio consenso in qualsiasi momento. Ritirare il consenso sar\u00e0 facile quanto darlo. Come regola generale, il ritiro del consenso non pregiudicher\u00e0 l'uso del Sito Web.\nNei casi in cui l'Utente debba o possa fornire i propri dati tramite moduli per fare domande, richiedere informazioni o per motivi legati ai contenuti del Sito Web, verr\u00e0 informato se la compilazione di uno di questi sia obbligatoria in quanto essenziale per il corretto svolgimento dell'operazione richiesta.<\/p>\n\n<p><strong>Finalit\u00e0 del trattamento per cui sono destinati i dati personali<\/strong><br \/>I dati personali sono raccolti e gestiti da Optim Repair per facilitare, velocizzare e adempiere agli impegni stabiliti tra il Sito Web e l'Utente o per il mantenimento della relazione che si stabilisce nei moduli compilati dall'Utente o per rispondere a una richiesta o domanda.\nI dati possono anche essere utilizzati a fini commerciali di personalizzazione, operativi e statistici, e per attivit\u00e0 proprie dell'oggetto sociale di Optim Repair, come l'estrazione, l'archiviazione dei dati e studi di marketing per adattare il contenuto offerto all'Utente, nonch\u00e9 per migliorare la qualit\u00e0, il funzionamento e la navigazione nel Sito Web.\nAl momento della raccolta dei dati personali, verr\u00e0 informato l'Utente sugli scopi specifici del trattamento per cui i dati saranno utilizzati, ovvero sull'uso che sar\u00e0 fatto delle informazioni raccolte.<\/p>\n\n<p><strong>Periodo di conservazione dei dati personali<\/strong><br \/>I dati personali saranno conservati solo per il tempo minimo necessario agli scopi del trattamento e, in ogni caso, per il seguente periodo: 12 mesi, o fino a quando l'Utente ne richieder\u00e0 la cancellazione.\nAl momento della raccolta dei dati personali, verr\u00e0 informato l'Utente sul periodo durante il quale i dati saranno conservati o, quando ci\u00f2 non sar\u00e0 possibile, sui criteri utilizzati per determinare tale periodo.<\/p>\n\n<p><strong>Destinatari dei dati personali<\/strong><br \/>I dati personali dell'Utente non saranno condivisi con terzi.\nIn ogni caso, al momento della raccolta dei dati personali, verr\u00e0 informato l'Utente sui destinatari o sulle categorie di destinatari dei dati personali.<\/p>\n\n<p><strong>Diritti derivanti dal trattamento dei dati personali<\/strong><br \/>Nel rispetto degli articoli 8 del GDPR e 7 della Legge Organica 3\/2018, del 5 dicembre, sulla Protezione dei Dati Personali e garanzia dei diritti digitali, solo i maggiori di 14 anni possono dare il proprio consenso per il trattamento dei dati personali in modo lecito da parte di Optim Repair. Se si tratta di un minorenne di et\u00e0 inferiore ai 14 anni, sar\u00e0 necessario il consenso dei genitori o dei tutori per il trattamento, e tale consenso sar\u00e0 considerato lecito solo se autorizzato dai genitori o tutori.<\/p>\n\n<p><strong>II. ACCETTAZIONE E MODIFICHE A QUESTA POLITICA SULLA PRIVACY<\/strong><br \/>L'uso del Sito Web implica l'accettazione della Politica sulla Privacy. Optim Repair si riserva il diritto di modificare la propria Politica sulla Privacy, in base al proprio criterio o per motivi legati a cambiamenti legislativi o giurisprudenziali. Gli aggiornamenti non saranno notificati esplicitamente all'Utente, si consiglia quindi di consultare periodicamente questa pagina per essere informati sulle modifiche.<\/p>\n\n<p>\u200e<\/p>\n\n<p>\u00a0<\/p>\n\t\t\t\t\t\t\t\t<\/div>\n\t\t\t\t<\/div>\n\t\t\t\t\t<\/div>\n\t\t\t\t<\/div>\n\t\t\t\t<\/div>","protected":false},"excerpt":{"rendered":"<p>https:\/\/optimrepair.net\/ I. POL\u00cdTICA DE PRIVACITAT I PROTECCI\u00d3 DE DADESRespectant el que estableix la legislaci\u00f3 vigent, Optim Repair (en endavant, tamb\u00e9 Lloc Web) es compromet a adoptar les mesures t\u00e8cniques i organitzatives necess\u00e0ries, segons el nivell de seguretat adequat al risc de les dades recollides. Lleis que incorpora aquesta pol\u00edtica de privacitatAquesta pol\u00edtica de privacitat est\u00e0 [&hellip;]<\/p>\n","protected":false},"author":2,"featured_media":0,"parent":0,"menu_order":0,"comment_status":"closed","ping_status":"closed","template":"","meta":{"_joinchat":[],"footnotes":""},"class_list":["post-421","page","type-page","status-publish","hentry"],"_hostinger_reach_plugin_has_subscription_block":false,"_hostinger_reach_plugin_is_elementor":false,"_links":{"self":[{"href":"https:\/\/optimrepair.net\/it\/wp-json\/wp\/v2\/pages\/421","targetHints":{"allow":["GET"]}}],"collection":[{"href":"https:\/\/optimrepair.net\/it\/wp-json\/wp\/v2\/pages"}],"about":[{"href":"https:\/\/optimrepair.net\/it\/wp-json\/wp\/v2\/types\/page"}],"author":[{"embeddable":true,"href":"https:\/\/optimrepair.net\/it\/wp-json\/wp\/v2\/users\/2"}],"replies":[{"embeddable":true,"href":"https:\/\/optimrepair.net\/it\/wp-json\/wp\/v2\/comments?post=421"}],"version-history":[{"count":5,"href":"https:\/\/optimrepair.net\/it\/wp-json\/wp\/v2\/pages\/421\/revisions"}],"predecessor-version":[{"id":1227,"href":"https:\/\/optimrepair.net\/it\/wp-json\/wp\/v2\/pages\/421\/revisions\/1227"}],"wp:attachment":[{"href":"https:\/\/optimrepair.net\/it\/wp-json\/wp\/v2\/media?parent=421"}],"curies":[{"name":"wp","href":"https:\/\/api.w.org\/{rel}","templated":true}]}}

<div data-elementor-type="wp-page" data-elementor-id="421" class="elementor elementor-421" data-elementor-post-type="page">
				<div class="elementor-element elementor-element-73db1240 e-flex e-con-boxed e-con e-parent" data-id="73db1240" data-element_type="container" data-e-type="container">
					<div class="e-con-inner">
				<div class="elementor-element elementor-element-4b049b65 elementor-widget elementor-widget-text-editor" data-id="4b049b65" data-element_type="widget" data-e-type="widget" data-widget_type="text-editor.default">
				<div class="elementor-widget-container">
									
<p><strong>https://optimrepair.net/</strong></p>

<p><strong>I. POLITICA SULLA PRIVACY E PROTEZIONE DEI DATI<br /></strong>Nel rispetto della legislazione vigente, Optim Repair (di seguito anche il "Sito Web") si impegna ad adottare le misure tecniche e organizzative necessarie, in base al livello di sicurezza adeguato al rischio dei dati raccolti.</p>

<p><strong>Leggi a cui si conforma questa politica sulla privacy</strong><br />Questa politica sulla privacy è adattata alla normativa spagnola ed europea vigente in materia di protezione dei dati personali su internet. In particolare, rispetta le seguenti normative:</p>

<ul class="wp-block-list">
<li>Il Regolamento (UE) 2016/679 del Parlamento Europeo e del Consiglio, del 27 aprile 2016, relativo alla protezione delle persone fisiche per quanto riguarda il trattamento dei dati personali e alla libera circolazione di tali dati (GDPR).</li>

<li>La Legge Organica 3/2018, del 5 dicembre, sulla Protezione dei Dati Personali e garanzia dei diritti digitali (LOPD-GDD).</li>

<li>Il Decreto Reale 1720/2007, del 21 dicembre, che approva il regolamento di sviluppo della Legge Organica 15/1999, del 13 dicembre, sulla Protezione dei Dati Personali (RDLOPD).</li>

<li>La Legge 34/2002, dell'11 luglio, sui Servizi della Società dell'Informazione e del Commercio Elettronico (LSSI-CE).</li>
</ul>

<p><strong>Identità del titolare del trattamento dei dati personali</strong><br />Il titolare del trattamento dei dati personali raccolti in Optim Repair è: Alexandre del Pozo Bayona, con NIF: 43540988X (di seguito, "Titolare del trattamento"). I suoi dati di contatto sono i seguenti:</p>

<ul class="wp-block-list">
<li>Indirizzo: C/ Dublín, 16</li>

<li>Numero di telefono: +34660484988</li>

<li>Email di contatto: <a>danletinformatics@gmail.com</a></li>
</ul>

<p><strong>Registrazione dei Dati Personali</strong><br />In conformità con il GDPR e la LOPD-GDD, informiamo che i dati personali raccolti da Optim Repair tramite i moduli presenti sulle sue pagine saranno inclusi e trattati nel nostro archivio con lo scopo di facilitare, velocizzare e adempiere agli impegni stabiliti tra Optim Repair e l'Utente, o per il mantenimento della relazione che si stabilisce nei moduli che l'Utente compila, o per rispondere a una richiesta o domanda dello stesso. Inoltre, in conformità con quanto previsto dal GDPR e dalla LOPD-GDD, salvo che si applichi l'eccezione prevista dall'articolo 30.5 del GDPR, si mantiene un registro delle attività di trattamento che specifica, in base agli scopi, le attività di trattamento effettuate e le altre circostanze stabilite nel GDPR.</p>

<p><strong>Principi applicabili al trattamento dei dati personali</strong><br />Il trattamento dei dati personali dell'Utente sarà soggetto ai seguenti principi stabiliti nell'articolo 5 del GDPR e nell'articolo 4 e seguenti della Legge Organica 3/2018, del 5 dicembre, sulla Protezione dei Dati Personali e garanzia dei diritti digitali:</p>

<ul class="wp-block-list">
<li>Principio di liceità, correttezza e trasparenza: sarà sempre richiesto il consenso dell'Utente previa informazione completamente trasparente sugli scopi per cui vengono raccolti i dati personali.</li>

<li>Principio di limitazione della finalità: i dati personali saranno raccolti per scopi determinati, espliciti e legittimi.</li>

<li>Principio di minimizzazione dei dati: i dati personali raccolti saranno esclusivamente quelli strettamente necessari per gli scopi per cui vengono trattati.</li>

<li>Principio di esattezza: i dati personali devono essere esatti e sempre aggiornati.</li>

<li>Principio di limitazione del periodo di conservazione: i dati personali saranno mantenuti solo per il tempo necessario agli scopi del trattamento.</li>

<li>Principio di integrità e riservatezza: i dati personali saranno trattati in modo da garantire la loro sicurezza e riservatezza.</li>

<li>Principio di responsabilità proattiva: il Titolare del trattamento sarà responsabile di garantire che i principi precedenti siano rispettati.</li>
</ul>

<p><strong>Categorie di dati personali</strong><br />Le categorie di dati trattati da Optim Repair sono esclusivamente dati identificativi. In nessun caso vengono trattate categorie speciali di dati personali ai sensi dell'articolo 9 del GDPR.</p>

<p><strong>Base giuridica per il trattamento dei dati personali</strong><br />La base giuridica per il trattamento dei dati personali è il consenso. Optim Repair si impegna a raccogliere il consenso esplicito e verificabile dell'Utente per il trattamento dei suoi dati personali per uno o più scopi specifici.
L'Utente ha il diritto di ritirare il proprio consenso in qualsiasi momento. Ritirare il consenso sarà facile quanto darlo. Come regola generale, il ritiro del consenso non pregiudicherà l'uso del Sito Web.
Nei casi in cui l'Utente debba o possa fornire i propri dati tramite moduli per fare domande, richiedere informazioni o per motivi legati ai contenuti del Sito Web, verrà informato se la compilazione di uno di questi sia obbligatoria in quanto essenziale per il corretto svolgimento dell'operazione richiesta.</p>

<p><strong>Finalità del trattamento per cui sono destinati i dati personali</strong><br />I dati personali sono raccolti e gestiti da Optim Repair per facilitare, velocizzare e adempiere agli impegni stabiliti tra il Sito Web e l'Utente o per il mantenimento della relazione che si stabilisce nei moduli compilati dall'Utente o per rispondere a una richiesta o domanda.
I dati possono anche essere utilizzati a fini commerciali di personalizzazione, operativi e statistici, e per attività proprie dell'oggetto sociale di Optim Repair, come l'estrazione, l'archiviazione dei dati e studi di marketing per adattare il contenuto offerto all'Utente, nonché per migliorare la qualità, il funzionamento e la navigazione nel Sito Web.
Al momento della raccolta dei dati personali, verrà informato l'Utente sugli scopi specifici del trattamento per cui i dati saranno utilizzati, ovvero sull'uso che sarà fatto delle informazioni raccolte.</p>

<p><strong>Periodo di conservazione dei dati personali</strong><br />I dati personali saranno conservati solo per il tempo minimo necessario agli scopi del trattamento e, in ogni caso, per il seguente periodo: 12 mesi, o fino a quando l'Utente ne richiederà la cancellazione.
Al momento della raccolta dei dati personali, verrà informato l'Utente sul periodo durante il quale i dati saranno conservati o, quando ciò non sarà possibile, sui criteri utilizzati per determinare tale periodo.</p>

<p><strong>Destinatari dei dati personali</strong><br />I dati personali dell'Utente non saranno condivisi con terzi.
In ogni caso, al momento della raccolta dei dati personali, verrà informato l'Utente sui destinatari o sulle categorie di destinatari dei dati personali.</p>

<p><strong>Diritti derivanti dal trattamento dei dati personali</strong><br />Nel rispetto degli articoli 8 del GDPR e 7 della Legge Organica 3/2018, del 5 dicembre, sulla Protezione dei Dati Personali e garanzia dei diritti digitali, solo i maggiori di 14 anni possono dare il proprio consenso per il trattamento dei dati personali in modo lecito da parte di Optim Repair. Se si tratta di un minorenne di età inferiore ai 14 anni, sarà necessario il consenso dei genitori o dei tutori per il trattamento, e tale consenso sarà considerato lecito solo se autorizzato dai genitori o tutori.</p>

<p><strong>II. ACCETTAZIONE E MODIFICHE A QUESTA POLITICA SULLA PRIVACY</strong><br />L'uso del Sito Web implica l'accettazione della Politica sulla Privacy. Optim Repair si riserva il diritto di modificare la propria Politica sulla Privacy, in base al proprio criterio o per motivi legati a cambiamenti legislativi o giurisprudenziali. Gli aggiornamenti non saranno notificati esplicitamente all'Utente, si consiglia quindi di consultare periodicamente questa pagina per essere informati sulle modifiche.</p>

<p>‎</p>

<p> </p>
								</div>
				</div>
					</div>
				</div>
				</div>

<p>https://optimrepair.net/ I. POLÍTICA DE PRIVACITAT I PROTECCIÓ DE DADESRespectant el que estableix la legislació vigent, Optim Repair (en endavant, també Lloc Web) es compromet a adoptar les mesures tècniques i organitzatives necessàries, segons el nivell de seguretat adequat al risc de les dades recollides. Lleis que incorpora aquesta política de privacitatAquesta política de privacitat està [&hellip;]</p>
